et q be 259 + -18*(-1)/(-8)*4. What is the greatest common factor of 490 and q?
10
Let q(r) = 5*r**2 + 4*r + 6. Let x(f) = 5*f**2 + 5*f + 6. Let b(j) = -2*q(j) + 3*x(j). Let y be b(-5). Calculate the highest common factor of 16 and y.
16
Suppose 8*d - 2 = 206. Suppose -5*v - a + 18 = a, -16 = -4*a. What is the highest common factor of d and v?
2
Let k(v) = -3*v**2 - 11*v + 118. Let f be k(6). Let j = f - -344. What is the greatest common factor of 18 and j?
18
Let v(u) be the third derivative of 7*u**4/24 - 7*u**3/2 - 114*u**2. Let z be v(5). Calculate the greatest common factor of 252 and z.
14
Let z(n) = -24*n - 73. Let v be z(-5). Suppose v*h - 35*h - 2100 = 0. Calculate the highest common factor of 100 and h.
25
Suppose 0*w - 267 = -w + 3*v, 2*w - 501 = -5*v. Suppose 30*b = -13*b + w. Calculate the greatest common divisor of 30 and b.
6
Let k = 143 - 227. Let g = k + 121. Let y = 85 - g. Calculate the highest common divisor of 6 and y.
6
Suppose 0 = -2*o + 2*n + 16, -4*o + 2*n + 19 = -7. Let w = 41 - o. Suppose 0 = 4*p - w - 20. Calculate the greatest common divisor of p and 56.
14
Let g(x) = -2*x**2 + 287*x - 348. Let i be g(142). Calculate the greatest common divisor of 498 and i.
6
Suppose 31*a - 34*a + 2601 = 0. Let p = -795 + a. What is the highest common factor of 264 and p?
24
Suppose 0 = 11*d - 15*d + 1948. Let s = d + -343. Suppose -3*n = n - s. What is the highest common divisor of 90 and n?
18
Let z be ((-8)/20)/((-1)/(-20)*-1). Suppose 3*c + 20 - z = 0. Let p be c/(-1) + 9*1/3. Calculate the greatest common divisor of p and 1.
1
Let j be 467/4 + (-4)/(-16). Let c be (-744 + 834)/(-4*(-3)/6). What is the greatest common factor of c and j?
9
Let o(p) = -326*p - 970. Let z be o(-3). Let q(f) = -f**3 - f**2 - 3*f. Let h be q(-4). Calculate the greatest common divisor of h and z.
4
Let a be 29/(2349/(-18)) - 73460/(-9) - -3. Calculate the highest common factor of 115 and a.
115
Suppose 23*c = 31*c - 632. Let z = c - -74. What is the highest common factor of z and 68?
17
Let g(j) = -j**3 - 45*j**2 - 83*j - 156. Let r be g(-44). What is the greatest common divisor of 910 and r?
130
Let l be (-800)/(-36) + (-9)/((-243)/(-6)). Let o be 0 + l/4 + (-80)/160. Suppose -o*p + 15 = -0. What is the greatest common divisor of 2 and p?
1
Let v = -36750 - -36786. Suppose 4 = a, -4*m - a = 2*a - 2244. Calculate the highest common factor of v and m.
18
Let v be 13/3 + (-8)/6. Let m(x) = x**2 + 31*x - 16. Let g be m(-31). Let f be (6*1/3 - g) + 3. Calculate the highest common factor of f and v.
3
Let a(m) = -3*m**2 + 29*m + 29. Let v be a(-14). Let x be 12/16 + v/(-4). Calculate the highest common divisor of 22 and x.
22
Let c(v) = -12*v**3 + 333*v**2 - 34*v + 123. Let k be c(27). Calculate the highest common divisor of k and 62.
62
Let u = -16 + 149. Suppose 3*h = -4*k - k - 489, 0 = 4*k - 2*h + 400. Let q = k - -137. What is the highest common factor of q and u?
19
Suppose 28*q - 26*q - 910 = 0. Let w = q + -431. What is the highest common divisor of 600 and w?
24
Let o = 9 + 107. Let a = o - 35. Let j = -59 + a. What is the highest common factor of 33 and j?
11
Suppose 14*n = -n + 1020. Suppose -70*o + n*o + 70 = 0. What is the greatest common divisor of 35 and o?
35
Suppose -5*b = -0*b + 125. Let w be (-4)/(-10) - (-2335)/b. Let l = w - -127. Calculate the highest common divisor of 51 and l.
17
Let p(x) = x**3 + 15*x**2 + 12*x - 16. Let w be p(-13). Suppose -w = -3*j + k, -5*k - 94 = -3*j + 52. What is the highest common factor of 19 and j?
19
Suppose -11*y = -14*y - 6. Let k be (3/(9/10))/(y/(-66)). Let g(h) = -h**2 - 3*h + 44. Let v be g(0). What is the highest common factor of k and v?
22
Suppose -2*u = -3*u + 3. Suppose 0 = 2*t - 3*b - 72, 0 = -t + 86*b - 85*b + 32. Calculate the greatest common factor of u and t.
3
Let m = -49 - -56. Let k(d) = -2*d - 13. Let x be k(m). Let t be (-3)/(x/2778) - 6/9. What is the highest common factor of 44 and t?
44
Suppose -220 = z - 5*z. Let k be (-2 + 1)/((6 + -4)/(-54)). Suppose 37*q = -k*q + 704. Calculate the highest common factor of q and z.
11
Let m(z) = -116*z + 4319. Let h be m(37). Suppose 2*o = 3*o - 24. Let b = o - -3. What is the greatest common factor of b and h?
27
Let k = -4894 + 4932. Calculate the highest common divisor of k and 969.
19
Let z = 6297 - 3609. Calculate the greatest common divisor of 1848 and z.
168
Let y(k) = -172*k - 5598. Let n be y(-41). Calculate the highest common divisor of n and 4.
2
Let i = 6297 - 6017. What is the greatest common factor of i and 252?
28
Suppose -15 = -14*x + 237. Let t = 202 - x. What is the highest common divisor of 16 and t?
8
Let s be (-210)/(-14)*3*(-12)/(-15)*-1. Let o = -52 - -100. Let u = o + s. What is the greatest common divisor of 156 and u?
12
Let q(h) = -h**2 - 12*h - 59. Let n be q(-16). Let f = n - -147. What is the highest common divisor of f and 208?
8
Let a be 19799 + 21 + -30 - 20. What is the highest common factor of 30 and a?
30
Suppose 2*c + 5254 = 4*s - 4346, -4800 = -2*s - 3*c. What is the highest common divisor of s and 96?
96
Let d(q) = 11*q - 13. Let w be d(6). Suppose -w*t - 4*j = -55*t + 106, 0 = 2*t + 3*j - 106. Calculate the greatest common factor of 106 and t.
53
Let l = 1204 - 786. Calculate the greatest common factor of l and 190.
38
Suppose 5*t - 616 = 4*t. Suppose 19*d - t = 8*d. Calculate the greatest common factor of 84 and d.
28
Let u be ((-3780)/(-150))/(1/5). Suppose u = l - 6*w + 4*w, -4*l - 5*w + 504 = 0. Suppose 2*t - 32 = 4. Calculate the highest common divisor of l and t.
18
Suppose 0 = 4*v + t - 57, v + 59*t = 56*t + 6. What is the greatest common factor of 237 and v?
3
Let b be (77/14)/11*1*26. Suppose b*x - 16*x = -183. Let y = -59 + x. Calculate the highest common factor of y and 16.
2
Let h be (-18)/4*(-1 + 2476/(-12)). Let f = h - 386. Suppose -78 = -5*p + f. What is the highest common divisor of p and 25?
25
Let s = 10 - 9. Let u be 2/28*86 - s/7. Suppose -w + 28 = 3*m, 3*w - 4*m = w + u. Calculate the greatest common divisor of w and 91.
13
Let t = 5200 + -5059. What is the highest common factor of t and 3854?
47
Let p be -7*(4/3)/((-91)/117). Calculate the highest common factor of p and 222.
6
Suppose 55*n = 60*n - 10. Let q be 81 - n/(-4)*(-6 - -4). What is the greatest common divisor of q and 12?
4
Let x = 3489 - 3336. Calculate the greatest common divisor of x and 27.
9
Let k(c) = -5*c**2 - 4*c + 24. Let o be k(-2). What is the greatest common factor of 318 and o?
6
Let r(i) = -i**2 + 4*i. Let c be r(3). Suppose a = 4*v - 673, a - 499 = -c*v - 4*a. What is the greatest common factor of v and 72?
24
Let l be 3/(9/86)*(-9)/3. Let j = l - -100. Let n be 96 + (-12)/(-4) - 1. Calculate the greatest common factor of j and n.
14
Let r = 28 - 18. Suppose -45 + r = -5*n. What is the greatest common divisor of n and 245?
7
Suppose 62*f = 7*f + 2475. What is the greatest common divisor of f and 1017?
9
Let m(g) = 2*g**2 - g + 1. Let d be m(1). Suppose -8*h = -d*h - 120. Suppose -7*i + 50 = -h. Calculate the greatest common factor of 30 and i.
10
Let v = 18599 - 17896. Calculate the greatest common divisor of v and 931.
19
Suppose -36868*q - 11880 = -37228*q. Suppose 0 = -i - 1, 5*h - 863 = 2*i + 624. Calculate the greatest common divisor of h and q.
33
Suppose 0 = -17*v + 412 + 472. Suppose -2*j - 8*g + 63 = -3*g, -3*j = -5*g - 132. What is the highest common divisor of v and j?
13
Let y be ((-20)/12)/((-20)/8)*30. Let u be ((-42)/4)/(2/(-4)). Let k = u - y. Calculate the greatest common divisor of 2 and k.
1
Suppose -5*k + 9 = 4*w, 3*k + 160 = 4*w + 191. What is the greatest common divisor of 283 and k?
1
Let k = -19923 - -34973. Calculate the highest common divisor of 42 and k.
14
Suppose -12*m + 9*m = 3*c - 105, 0 = 5*c + 4*m - 175. Let j be 2*36*(-54)/(-24). Suppose -j = 5*h - 1562. Calculate the greatest common divisor of c and h.
35
Suppose 4*l + 576 = 3*d, -2*l + 1012 = -139*d + 144*d. What is the highest common divisor of d and 12500?
100
Suppose -4*z + 6017 - 5665 = 0. What is the highest common factor of z and 187?
11
Let w = -871 + 2285. Calculate the highest common factor of w and 404.
202
Let r be 2 - (-11 + (-7 - -3) + 12). What is the greatest common factor of 630 and r?
5
Suppose 21*